ite?
False
Is 211020419 composite?
True
Is 540800683 prime?
False
Is 1932934457 prime?
False
Is 598656803 a composite number?
False
Is 1220623045 a composite number?
True
Is 53147977 prime?
False
Is 6446770079 a prime number?
False
Is 192310168585 prime?
False
Is 64040167903 a composite number?
False
Is 12660504487 a prime number?
False
Is 17806711651 prime?
True
Is 1985478073 prime?
False
Is 33714326341 a composite number?
False
Is 16526344073 composite?
False
Is 869283887 composite?
True
Is 499600021 prime?
True
Is 658974817 prime?
False
Is 33749027491 a prime number?
True
Is 15877219301 prime?
True
Is 5378263181 a prime number?
False
Is 659539247 prime?
True
Is 19240439807 a composite number?
True
Is 2326765009 a composite number?
False
Is 76246060379 prime?
True
Is 126908053145 prime?
False
Is 2195662817 a prime number?
True
Is 9741239507 a prime number?
True
Is 1941203377 a composite number?
True
Is 33446837219 a prime number?
True
Is 49011797573 composite?
False
Is 5350712593 prime?
True
Is 1525524893 a composite number?
False
Is 1136200067 a composite number?
False
Is 18292195189 prime?
True
Is 1070318723 composite?
True
Is 108878085997 prime?
False
Is 1357954729 composite?
False
Is 445355657 a composite number?
False
Is 1491470663 composite?
False
Is 1430344547 prime?
True
Is 6316396561 composite?
False
Is 7800126661 a composite number?
False
Is 3951955771 prime?
False
Is 1611343529 composite?
True
Is 465360207877 prime?
True
Is 224993299 a prime number?
True
Is 23724207239 prime?
False
Is 22701919945 composite?
True
Is 13260211199 prime?
False
Is 9606919159 a prime number?
True
Is 48877257019 prime?
True
Is 7712191577 a composite number?
False
Is 31355131 prime?
True
Is 2047518373 prime?
True
Is 11431242643 composite?
True
Is 184649769149 composite?
True
Is 848218331 prime?
True
Is 25121024687 prime?
False
Is 4743076937 a composite number?
False
Is 197114167 a prime number?
False
Is 17727617681 a prime number?
False
Is 2594846455 composite?
True
Is 4176678526 a composite number?
True
Is 9122707651 prime?
True
Is 1649498615 a prime number?
False
Is 42261832891 a composite number?
True
Is 2163971189 a prime number?
True
Is 305906081 prime?
False
Is 19015422631 composite?
False
Is 77331934819 a composite number?
True
Is 60631868453 composite?
True
Is 1782189667 prime?
False
Is 1498747951 composite?
False
Is 2755804523 composite?
False
Is 357630529 prime?
True
Is 364613713 composite?
False
Is 1233742281 prime?
False
Is 14961849401 a composite number?
True
Is 5173168109 a prime number?
True
Is 4914895171 a prime number?
False
Is 38149744133 prime?
False
Is 21925391161 prime?
False
Is 5154795421 prime?
True
Is 45929780011 a prime number?
False
Is 11605527667 a composite number?
False
Is 2701118131 composite?
False
Is 175456598983 a composite number?
True
Is 814096579 prime?
False
Is 4000854983 composite?
False
Is 18494384171 prime?
True
Is 12113308853 a composite number?
True
Is 239924413 prime?
True
Is 15928661765 a prime number?
False
Is 26135627905 composite?
True
Is 277682113 a prime number?
True
Is 155642190397 a composite number?
False
Is 8626942901 a composite number?
False
Is 274868651 composite?
False
Is 2436141187 a composite number?
False
Is 2127136727 a composite number?
False
Is 14145061771 composite?
False
Is 138885827 a composite number?
True
Is 1487527913 a prime number?
False
Is 10910051 composite?
False
Is 28872222131 prime?
False
Is 242404046317 a prime number?
True
Is 3402240731 prime?
False
Is 10114292371 a composite number?
False
Is 480412067 prime?
True
Is 3702152561 a prime number?
True
Is 4940957981 a prime number?
True
Is 5324325779 prime?
True
Is 24242716919 a prime number?
True
Is 28809319573 prime?
True
Is 2615195717 a prime number?
False
Is 977947123 a composite number?
False
Is 10365529043 composite?
False
Is 12734478803 composite?
False
Is 118847458703 composite?
True
Is 69139359287 composite?
False
Is 3232797091 prime?
True
Is 3824989937 a composite number?
True
Is 5861880407 a composite number?
True
Is 301701461 prime?
True
Is 66746216359 composite?
True
Is 20636862427 a prime number?
True
Is 87475438613 prime?
False
Is 6804418669 prime?
False
Is 13536646807 composite?
False
Is 513355537 a composite number?
False
Is 2348109197 prime?
False
Is 1123653281 composite?
True
Is 2519665301 prime?
False
Is 4926061919 composite?
False
Is 6476052601 a prime number?
True
Is 18236082259 a prime number?
False
Is 34267886993 composite?
False
Is 27063680073 prime?
False
Is 94931251531 prime?
False
Is 188630363 a prime number?
False
Is 128375170129 composite?
False
Is 7692817157 prime?
True
Is 733278979 prime?
False
Is 254198887 a prime number?
True
Is 13951306289 a composite number?
False
Is 1865833343 composite?
True
Is 7547891443 prime?
True
Is 22480425677 prime?
False
Is 102826304767 prime?
True
Is 148575673 a composite number?
False
Is 4085846623 a composite number?
True
Is 2704800617 a composite number?
False
Is 1170984329 prime?
True
Is 4066578877 a composite number?
False
Is 30363277457 a composite number?
True
Is 2397809837 a composite number?
False
Is 45846832531 a prime number?
True
Is 68319641309 a prime number?
True
Is 9643707727 composite?
False
Is 2685980579 a composite number?
False
Is 87448423 prime?
True
Is 700685863 prime?
False
Is 774072839 composite?
False
Is 52292477113 composite?
True
Is 31284012763 composite?
False
Is 9008956811 prime?
True
Is 214210625599 a prime number?
True
Is 895590869 composite?
True
Is 949817299 a prime number?
True
Is 23748023269 a prime number?
False
Is 14817966491 prime?
True
Is 45458606337 prime?
False
Is 8764857979 a composite number?
False
Is 12175884173 a prime number?
True
Is 83961782741 a composite number?
False
Is 24707085911 composite?
False
Is 2669490947 a prime number?
True
Is 58034490857 composite?
True
Is 5901836543 prime?
False
Is 1389111799 a composite number?
False
Is 12570091 a prime number?
False
Is 7052368189 prime?
False
Is 3639995257 prime?
False
Is 241532857 composite?
False
Is 44438681473 prime?
True
Is 266346719 a prime number?
True
Is 410954257 a prime number?
False
Is 29456633139 a composite number?
True
Is 1013707373 prime?
False
Is 1067580797 a composite number?
True
Is 24123257545 a prime number?
False
Is 4449135827 a composite number?
True
Is 36354131711 composite?
True
Is 25808236717 a prime number?
True
Is 125235057203 a composite number?
False
Is 43181300307 prime?
False
Is 193066781 a prime number?
True
Is 723559211 a prime number?
False
Is 1279401523 a composite number?
True
Is 945571649 prime?
False
Is 28202170363 a composite number?
False
Is 79828873837 prime?
True
Is 68697629753 a composite number?
False
Is 2019346289 prime?
False
Is 189350279 a composite number?
False
Is 962619263 a prime number?
True
Is 6871990789 a composite number?
False
Is 5871711121 composite?
False
Is 2902176749 prime?
True
Is 3263617459 prime?
False
Is 6791803619 composite?
True
Is 4994453566 prime?
False
Is 5381243003 a prime number?
True
Is 146125939199 prime?
False
Is 1117131029 a prime number?
False
Is 20790653839 a composite number?
True
Is 1780249363 a composite number?
True
Is 566919077 composite?
True
Is 2573424517 composite?
False
Is 431527531 a prime number?
False
Is 10367125289 prime?
True
Is 3553945501 a prime number?
True
Is 1537918751 a composite number?
False
Is 5396436093 prime?
False
Is 2559676949 a prime number?
True
Is 34214225887 a composite number?
True
Is 5208405563 composite?
True
Is 2947733 a prime number?
False
Is 9857626699 prime?
False
Is 95739697223 composite?
False
Is 1008383933 a prime number?
True
Is 1239662377 a prime number?
True
Is 73480015967 prime?
False
Is 17187168781 prime?
False
Is 12425719431 a prime number?
False
Is 702748985 a prime number?
False
Is 1792114613 composite?
True
Is 4365096301 composite?
True
Is 33228043463 prime?
False
Is 66530088881 a composite number?
True
Is 1606533781 a prime number?
False
Is 983530153 prime?
True
Is 402092651 a prime number?
True
Is 7343641 composite?
True
Is 4019883647 a composite number?
True
Is 542662236719 a composite number?
False
Is 124119731 a prime number?
True
Is 7903117529 composite?
False
Is 16582607981 composite?
False
Is 1887536467 a composite number?
False
Is 17319174